is the tens digit of -1 + (-1 - 1*-16)?
1
Let x(o) = -o**2 + 13*o + 9. What is the tens digit of x(10)?
3
What is the units digit of (-9)/27 - 62/(-6)?
0
Let z = 6 - 3. Let x = -1 + 16. Suppose 0 = -z*t + x. What is the units digit of t?
5
Let c be (1 + 1)/(3 - 2). Suppose 32 = -0*u + c*u. What is the tens digit of u?
1
Let z(u) = -u**3 - 11*u**2 - 12*u + 11. Let a be (-1)/(-5) + 102/(-10). What is the tens digit of z(a)?
3
Suppose 2*p - 6 - 52 = 0. What is the units digit of p?
9
Let c(j) = 0*j - 2*j + 8 + j - 2*j + j**2. What is the tens digit of c(7)?
3
Let m be 1/(39/18 + -2). Let h be ((-76)/(-6))/((-2)/m). Let q = 53 + h. What is the units digit of q?
5
Let f(s) = -2*s - 1. Let b be f(-3). Suppose 0 = 2*w - j - 2 - 4, -5*j = -5*w + 25. Suppose w + b = a. What is the units digit of a?
6
Suppose 0 = 4*x + 16, 3*x + 8 + 22 = i. Let r = i - 9. What is the units digit of r?
9
Let a(p) = p**3 - 8*p**2 + 2*p - 12. Let k be a(8). Suppose 2*n - m - 2*m = 21, -k*n + 39 = -5*m. What is the units digit of n?
6
Let x(l) = l + 12. Let y be x(-7). Suppose -o - 60 = -y*o. What is the units digit of o?
5
Suppose 0 = 2*o - 114 - 118. What is the units digit of o?
6
Let x be 0*((-6)/(-4) - 1). Suppose u - 10 = -4*y, -2*u - 3*u + 5*y - 25 = x. Let j = u - -4. What is the units digit of j?
2
Let w = -7 + 7. Suppose h = -w*h + 9. What is the units digit of h?
9
Let g(c) = 2*c**2 + 6*c - 8. What is the tens digit of g(-6)?
2
Let n = -8 - -12. Let q = n + 0. What is the units digit of q?
4
Let h(a) = 4*a**2 - a. Let n be h(1). Suppose 5*v - n*v - 6 = 0. What is the units digit of (v/4)/((-1)/(-12))?
9
Suppose 6*v - 3*v + 59 = 4*t, -2*t + 31 = -v. Suppose 3*k + t = g, g - 2*k - 14 = -0*g. What is the units digit of g?
8
Let q(g) = -7*g - 3. Let o(x) = -x - 1. Let z be o(3). What is the tens digit of q(z)?
2
Let t = -100 - -161. Let p = 90 - t. What is the units digit of p?
9
Let f(w) = 12*w**3 + w**2 - w. What is the tens digit of f(1)?
1
Suppose j - 334 = -5*x, 197 = 3*x - 0*x + 4*j. What is the units digit of x?
7
Suppose -2*d - d = -6. What is the units digit of (d/(4/14))/1?
7
Let w(d) = -d**2 + 6. What is the units digit of w(0)?
6
Let h be (-1 + 0 + -2)*1. What is the tens digit of 2*(14 - 6/h)?
3
Suppose -2*y + 50 = -70. What is the tens digit of y?
6
Let x(n) = n**2 + 7*n + 9. Let t be x(-6). Suppose -3*p - 2 = -g, 4*g = -0*g + t*p - 1. What is the units digit of 3 + ((-11)/g - -2)?
6
Let o(i) be the third derivative of i**6/20 - i**5/60 + i**4/12 - i**3/6 - i**2. Let b be o(1). Suppose b*q - 3*q - 9 = 0. What is the units digit of q?
3
Let n(l) = 21*l + 16. Let k(x) = 10*x + 8. Let q(r) = -13*k(r) + 6*n(r). What is the tens digit of q(-11)?
3
What is the tens digit of (-70)/(-4)*(-11 + 13)?
3
Let l = -15 + 12. Let s = 11 - l. What is the units digit of s?
4
Let b(l) = l**3 + l + 6. Suppose 0 = -3*c - 2*c. What is the units digit of b(c)?
6
Let h(y) = y**3 - 6*y**2 + 10*y - 1. What is the tens digit of h(5)?
2
Let t = 65 - 38. What is the units digit of t?
7
Let c = 104 + -86. What is the tens digit of c?
1
Let g = -3 + 2. Let i = g + 5. What is the units digit of i?
4
Suppose -4*z - 1 = -3*v + 19, -3*z = 3*v - 48. What is the units digit of v?
2
Let j = 507 - 261. What is the tens digit of j?
4
Let h = 33 + -21. What is the tens digit of h?
1
Let b(r) = r**2 - 3*r - 5. Let y be b(5). Suppose 0 = -4*v + 4*l + 236, -2*v + y*l + 120 = l. What is the tens digit of v?
5
Let l(r) = -r**3 + 10*r**2 - 10*r + 9. Let j be l(9). Suppose j*c - c + 2 = 0. What is the units digit of c?
2
Let i = -30 - -36. Let w(p) = -2 + 4 + p + 2. What is the units digit of w(i)?
0
Let b(r) = r + 5. Let g be b(5). Let h = g + -4. Suppose -5*l + 27 = 4*z, 2*z - h*z + l = -9. What is the units digit of z?
3
Let y = 64 + -43. What is the units digit of y?
1
Suppose p - 5*s = 3*p + 69, 3*s = 3*p + 72. Let m = p - -41. What is the tens digit of m?
1
Let c(d) = -d**3 + 2*d**2 - 2. Let v be c(2). Let m = 28 - v. What is the tens digit of m?
3
Let n be (-1)/(-3) - (-84)/18. Suppose n*h - 15 = 3*h + d, 2*d + 6 = 0. What is the units digit of h?
6
Let s(y) = y**2 + 4*y - 3. Let h be s(-3). Let t(l) = -2*l**2 + 5*l - 4*l**2 - l**3 + l**2 - 5. What is the units digit of t(h)?
1
Let r = 61 + 27. What is the tens digit of r?
8
Let a = -9 - -49. What is the tens digit of a?
4
Suppose 13 = 5*s - 2. What is the units digit of (76/(-12))/((-1)/s)?
9
Let o = 1 - -10. Suppose 3*r - g - 8 = 0, -g = -4*r + 3*g + 16. Suppose -b + r*b = o. What is the tens digit of b?
1
Let q be (3/9)/(6/36). Suppose -q*s + 50 = 5*x, 3*x = -s - x + 19. What is the tens digit of s?
3
Let t(r) = -r**2 - 6*r - 2. Let u be t(-4). Let n(q) be the first derivative of q**2/2 + q - 1. What is the units digit of n(u)?
7
Suppose 4*l + 50 = -2*t, 0 = -l + 4*t - 3 + 13. What is the tens digit of 2/(-3)*165/l?
1
Let u be (-1)/(-2) - (-10)/4. Suppose 0*x - 7 = u*x - j, -3*x - 5*j = 37. Let c = x + 8. What is the units digit of c?
4
Let z = 91 + -45. Let t = -7 + 11. Suppose t*c - z = -3*v, 0 = -5*c - 0 + 5. What is the units digit of v?
4
Suppose -p - 3*p + 172 = 0. What is the units digit of p?
3
Let l(h) = -h**3 - 7*h**2 - h - 7. Let y be l(-7). Suppose -7*z + 3*z = -2*x, -2*z - x + 8 = y. Suppose z*c - 3 = -c. What is the units digit of c?
1
What is the units digit of ((-420)/9)/(-7) - 4/6?
6
Let q(z) = -z**3 - 4*z**2 + 7*z + 23. What is the units digit of q(-7)?
1
Suppose -2*w + 63 = -149. What is the hundreds digit of w?
1
Suppose 3*n = -q + 16, -3*n + 1 - 5 = -4*q. Suppose n*s = -a + 74, -2*s + 3*a = -0*a - 30. What is the tens digit of s?
1
Let d(n) = n**2 + 3*n - 22. What is the units digit of d(10)?
8
Suppose -34 - 9 = -s + 2*a, 0 = a + 2. What is the units digit of s?
9
Suppose -4*f = 4*a - 236, 0 = a - 5*f - 17 - 12. Suppose 0 = 2*x - 0*x - a. Suppose 0 = -3*v + 9 + x. What is the tens digit of v?
1
Suppose -20 = -4*v, 3*q - 19 = -0*q + v. What is the units digit of q?
8
Let o(j) = j**2 + 9*j - 4. Let c = 2 + -12. What is the units digit of o(c)?
6
Let m = -21 + 7. Let f be 2/(-5) + 76/(-10). Let n = f - m. What is the units digit of n?
6
Let d = -39 - -64. Suppose -30 = -5*t + d. What is the units digit of t?
1
Suppose 4*f - 5*d = -20, 3*f - 4 = 2*f - d. Let z(g) = -2*g + 38. Let h be z(17). Suppose f = -h*a + 4 + 28. What is the units digit of a?
8
What is the tens digit of (1 - 13)/((-6)/69)?
3
Suppose 5*c = 3*c. Let o = c - -2. What is the units digit of o?
2
Let r(x) = -25*x**2 - 3. Let z(g) = 1176*g**2 + 140. Let q(n) = 140*r(n) + 3*z(n). What is the units digit of q(1)?
8
Let g(k) = -4*k - 5 + 5*k + 2. Let h be 14/(-21) + 23/3. What is the units digit of g(h)?
4
What is the tens digit of 4/((-180)/(-8605)) + (-2)/9?
9
Suppose 54 = -4*y + 2. Let l = y - -37. What is the tens digit of l?
2
Let d be 2/(-4) - (-60)/(-8). Let i = d + 16. What is the units digit of i?
8
Suppose -2*u = -630 + 222. Suppose 4*z + u = 4*a, a + 4*z + 48 = 2*a. What is the units digit of a?
2
Suppose 0 = 5*b + 43 - 18. Let k = 14 + -20. What is the units digit of (-23)/b + k/(-15)?
5
Suppose -5*p + 60 = q + 3*q, -q + 29 = 3*p. Suppose -4*f - p = -6*f. Suppose b = 3*j - 2 + 7, b - f*j = 0. What is the tens digit of b?
2
Suppose 0 = 2*h - 271 + 111. What is the units digit of h?
0
Let m = 26 + 15. What is the tens digit of m?
4
What is the units digit of -4 - -29 - 2 - 4?
9
What is the tens digit of (-9)/9*(-163)/1?
6
Suppose 3*n + 36 = 6*n. Let h = 51 - 36. What is the units digit of n/h*30/4?
6
Let n(b) = -9*b - 3. Let i be n(-2). Let w be (36/i)/((-1)/5). Let x = w + 20. What is the units digit of x?
8
Let n = 2 + -3. Let z = n - 0. What is the units digit of (-37)/(-2) + z/2?
8
Let t(l) = 4 + 0*l - l + 2*l. Suppose 0 = -2*u - 3*u + 30. What is the units digit of t(u)?
0
Let a(o) = o**3 - o. Let t be a(-2). Let h = 17 + t. What is the units digit of h?
1
Let a(f) be the second derivative of -f**5/20 + 24*f**2 - 4*f. What is the tens digit of a(0)?
4
Let p = -39 + 60. Let u be (-4)/14 + 300/p. Suppose -4*i + 3*i - 4 = -o, i = 3*o - u. What is the units digit of i?
1
Let s(a) = 3*a - 19. What is the units digit of s(9)?
8
Let m(u) = -3*u**3 + 4*u**2 + u + 5. Let w(q) = q**3 + q**2 - q. Let l(n) = m(n) + 2*w(n). Let g be l(6). What is the unit